{"id":3358,"date":"2022-07-05T19:29:00","date_gmt":"2022-07-05T19:29:00","guid":{"rendered":"https:\/\/infinitcenter.com\/en\/?page_id=3358"},"modified":"2022-07-05T19:35:07","modified_gmt":"2022-07-05T19:35:07","slug":"3358-2","status":"publish","type":"page","link":"https:\/\/infinitcenter.com\/en\/3358-2\/","title":{"rendered":"Video Editim &#8211; Adobe Perimer"},"content":{"rendered":"<section class=\"wpb-content-wrapper\"><p>[vc_row css=&#8221;.vc_custom_1473328990059{margin-bottom: 50px !important;}&#8221;][vc_column width=&#8221;2\/3&#8243;][stm_title title_tag=&#8221;h2&#8243; title=&#8221;Q\u00ebllimi i trajnimit &amp; P\u00ebrfitimet e nx\u00ebn\u00ebsit&#8221;][\/stm_title][vc_column_text css=&#8221;.vc_custom_1657048734295{margin-bottom: 30px !important;}&#8221;]Q\u00ebllimi kryesor i k\u00ebtij\u00eb kursi \u00ebsht\u00eb n\u00eb ofrimin e njohurive bazike p\u00ebr student\u00ebt p\u00ebr video editim (montazh). N\u00eb k\u00ebt\u00eb kurs, instruktori do t\u2019i pregatis\u00eb nx\u00ebn\u00ebsit n\u00eb p\u00ebrdorimin dhe organizimin programit Adobe Premier. M\u00ebsimi i Adobe Premiere Pro CC me nj\u00eb planprogram i bazuar n\u00eb aktivitete q\u00eb m\u00ebson aft\u00ebsit\u00eb teknike p\u00ebr prodhimin, redaktimin dhe efektet e videos. \u00c7do aktivitet p\u00ebrmban nj\u00eb detyr\u00eb t\u00eb vog\u00ebl\u00a0brenda, n\u00eb m\u00ebnyr\u00eb q\u00eb nx\u00ebn\u00ebsit t\u00eb m\u00ebsojn\u00eb dhe t\u00eb p\u00ebrmir\u00ebsojn\u00eb aft\u00ebsit\u00eb e tyre kur kryejn\u00eb \u00e7do detyr\u00eb.<\/p>\n<p>Trajnimin \u00ebsht\u00eb i ndar\u00eb n\u00eb tri nivele dhe ka p\u00ebr q\u00ebllim p\u00ebrgaditj\u00ebn e nx\u00ebn\u00ebsve p\u00ebr tregun medial.<\/p>\n<p>Q\u00ebllimi kryesor i k\u00ebtij\u00eb kursi \u00ebsht\u00eb n\u00eb ofrimin e njohurive bazike p\u00ebr student\u00ebt p\u00ebr video editim (montazh). N\u00eb k\u00ebt\u00eb kurs, instruktori do t\u2019i pregatis\u00eb nx\u00ebn\u00ebsit n\u00eb p\u00ebrdorimin dhe organizimin programit Adobe Premier. M\u00ebsimi i Adobe Premiere Pro CC me nj\u00eb planprogram i bazuar n\u00eb aktivitete q\u00eb m\u00ebson aft\u00ebsit\u00eb teknike p\u00ebr prodhimin, redaktimin dhe efektet e videos. \u00c7do aktivitet p\u00ebrmban nj\u00eb detyr\u00eb t\u00eb vog\u00ebl<br \/>\nbrenda, n\u00eb m\u00ebnyr\u00eb q\u00eb nx\u00ebn\u00ebsit t\u00eb m\u00ebsojn\u00eb dhe t\u00eb p\u00ebrmir\u00ebsojn\u00eb aft\u00ebsit\u00eb e tyre kur kryejn\u00eb \u00e7do detyr\u00eb.<br \/>\nTrajnimin \u00ebsht\u00eb i ndar\u00eb n\u00eb tri nivele dhe ka p\u00ebr q\u00ebllim p\u00ebrgaditj\u00ebn e nx\u00ebn\u00ebsve p\u00ebr tregun medial.<\/p>\n<p><strong>Pas p\u00ebrfundimit t\u00eb k\u00ebtij\u00eb kursi,nx\u00ebn\u00ebsi\/studenti do jet\u00eb n\u00eb gjendje t\u00eb:<\/strong><\/p>\n<p>Futen n\u00eb hap\u00ebsir\u00ebn e pun\u00ebs Adobe Premiere Pro, duke p\u00ebrfshir\u00eb m\u00ebnyr\u00ebn e importimit t\u00eb fajllave, menaxhimin e medias, dhe m\u00ebnyr\u00ebn e pun\u00ebs me video, foto dhe audio n\u00eb fush\u00ebn e pun\u00ebs (Timeline).<br \/>\nN\u00eb fund t\u00eb trajnimit secili nx\u00ebnes duhet t\u00eb kete se paku 3 video t\u00eb p\u00ebrfunduar me m\u00ebsimet t\u00eb cilat i ka marr gjat\u00eb trajnimit.<\/p>\n<p>[\/vc_column_text][stm_title title_tag=&#8221;h4&#8243; title=&#8221;Metodologjia p\u00ebr realizimin e temave m\u00ebsimore:&#8221;][\/stm_title][vc_column_text]Kursi \u00ebsht\u00eb kombinim i ligj\u00ebratave, diskutimeve, bisedave dhe ushtrimeve praktike.[\/vc_column_text][stm_title title_tag=&#8221;h4&#8243; title=&#8221;Kushtet p\u00ebr realizimin e temave m\u00ebsimore:&#8221;][\/stm_title][vc_column_text]Literatura adekuate, tabela, kompjuteri, projektori dhe mjetet tjera TI p\u00ebr m\u00ebsim dhe ushtrime.[\/vc_column_text][\/vc_column][vc_column width=&#8221;1\/3&#8243;][vc_single_image image=&#8221;3361&#8243; img_size=&#8221;full&#8221;][\/vc_column][\/vc_row][vc_row][vc_column][vc_tta_accordion active_section=&#8221;1&#8243;][vc_tta_section title=&#8221;Ligj\u00ebratat&#8221; tab_id=&#8221;1655673861840-0964b3e5-af9f&#8221;][vc_column_text]Studenti\/nx\u00ebn\u00ebsi duhet t\u00eb jet\u00eb i rregullt n\u00eb ligj\u00ebrata dhe ushtrime, t\u00eb shfryt\u00ebzoj t\u00eb gjitha mund\u00ebsit\u00eb p\u00ebr nx\u00ebnie t\u00eb dijes, t\u00eb p\u00ebrdor\u00eb literatur\u00ebn e obliguar dhe m\u00eb t\u00eb gjer\u00eb, t\u00eb jet\u00eb aktiv dhe t\u00eb respektoj rregullat e \u201cINFINIT\u201d.[\/vc_column_text][\/vc_tta_section][vc_tta_section title=&#8221;Ushtrimet&#8221; tab_id=&#8221;1655673861857-91175ce0-02d0&#8243;][vc_column_text]Studenti\/nx\u00ebn\u00ebsi duhet t\u00eb jet\u00eb aktiv n\u00eb ushtrime dhe t\u00eb reflektoj gatishm\u00ebri dhe dije p\u00ebr iniciativa, ide dhe demonstrim t\u00eb njohurive t\u00eb marra n\u00eb ligj\u00ebrata.[\/vc_column_text][\/vc_tta_section][vc_tta_section title=&#8221;Java 1&#8243; tab_id=&#8221;1655674532152-5e8601a1-e272&#8243;][vc_column_text]<\/p>\n<ul>\n<li>Hyrje n\u00eb Adobe Premier Pro<\/li>\n<li>Fillimi i p\u00ebrdorimit t\u00eb Adobe Premier.<\/li>\n<\/ul>\n<p>[\/vc_column_text][\/vc_tta_section][vc_tta_section title=&#8221;Java 2&#8243; tab_id=&#8221;1657048805179-25caa145-12e0&#8243;][vc_column_text]<\/p>\n<ul>\n<li>Si t\u00eb krijohet ose ndryshohet nj\u00eb project.<\/li>\n<li>Emerimi, formati dhe ruajtja e projektit.<\/li>\n<\/ul>\n<p>[\/vc_column_text][\/vc_tta_section][vc_tta_section title=&#8221;Java 3&#8243; tab_id=&#8221;1657048804995-c45f8b8d-e471&#8243;][vc_column_text]<\/p>\n<ul>\n<li>Si t\u00eb importohen fajllat.<\/li>\n<li>Menaxhimi i hapesires se punes, ndryshimet e paneleve ose fushave t\u00eb pun\u00ebs.<\/li>\n<\/ul>\n<p>[\/vc_column_text][\/vc_tta_section][vc_tta_section title=&#8221;Java 4&#8243; tab_id=&#8221;1657048804795-c2739cea-0989&#8243;][vc_column_text]<\/p>\n<ul>\n<li>Si t\u00eb menaxhohen fajllat n\u00eb project.<\/li>\n<li>Organizimi i fajllave, krijimi i folldereve dhe menaxhimi ose organizimi i Adobe Premier.<\/li>\n<\/ul>\n<p>[\/vc_column_text][\/vc_tta_section][vc_tta_section title=&#8221;Java 5&#8243; tab_id=&#8221;1657048804611-849f3ca0-eb07&#8243;][vc_column_text]<\/p>\n<ul>\n<li>Si t\u00eb punohet me fajllat n\u00eb Timeline.<\/li>\n<li>Kombinimi i Videove, fotov dhe audio.<\/li>\n<li>Ndryshimi i madhesis se videove<\/li>\n<li>Menaxhimi i disa videove mbrenda nje Videoje etj.<\/li>\n<\/ul>\n<p>[\/vc_column_text][\/vc_tta_section][vc_tta_section title=&#8221;Java 6&#8243; tab_id=&#8221;1657048803761-b1a5cfc6-c729&#8243;][vc_column_text]<\/p>\n<ul>\n<li>Fillimi me editimin e videove.<\/li>\n<li>Ka disa menyra te editimit te videove, do te mesohen se paky dy prej tyre.<\/li>\n<\/ul>\n<p>[\/vc_column_text][\/vc_tta_section][vc_tta_section title=&#8221;Java 7&#8243; tab_id=&#8221;1657049094621-e2433797-78c8&#8243;][vc_column_text]<\/p>\n<ul>\n<li>P\u00ebrdorimi i veglave t\u00eb editimit<\/li>\n<li>K\u00ebtu m\u00ebsohen editimet permes veglave dhe perdorimi i shkurtesave n\u00eb tastier.<\/li>\n<\/ul>\n<p>[\/vc_column_text][\/vc_tta_section][vc_tta_section title=&#8221;Java 8&#8243; tab_id=&#8221;1657049094414-f6e7b75a-cb7e&#8221;][vc_column_text]<\/p>\n<ul>\n<li>P\u00ebrdorimi i efekteve te videot si:<\/li>\n<li>Perdorimi i ngjyrave, perdorimi i Blur etj.<\/li>\n<\/ul>\n<p>[\/vc_column_text][\/vc_tta_section][vc_tta_section title=&#8221;Java 9&#8243; tab_id=&#8221;1657049093957-4f2b42aa-cee0&#8243;][vc_column_text]<\/p>\n<ul>\n<li>Si t\u00eb punohet m\u00eb efektet e z\u00ebrit.<\/li>\n<li>Eleminimi i zhurmave, ndryshimi i zerit etj.<\/li>\n<\/ul>\n<p>[\/vc_column_text][\/vc_tta_section][vc_tta_section title=&#8221;Java 10&#8243; tab_id=&#8221;1657049092903-2c7b3c48-5e77&#8243;][vc_column_text]<\/p>\n<ul>\n<li>Menyra se si duhet te kombinohen Video me zerin-muziken,<\/li>\n<\/ul>\n<p>[\/vc_column_text][\/vc_tta_section][vc_tta_section title=&#8221;Java 11&#8243; tab_id=&#8221;1657049252345-4941a5b0-995d&#8221;][vc_column_text]<\/p>\n<ul>\n<li>Perdorimi i grafikave, shirtave per emra etj.<\/li>\n<\/ul>\n<p>[\/vc_column_text][\/vc_tta_section][vc_tta_section title=&#8221;Java 12&#8243; tab_id=&#8221;1657049251801-2963222e-3a9c&#8221;][vc_column_text]<\/p>\n<ul>\n<li>Plani p\u00ebr eksport<\/li>\n<li>Si t\u00eb eksportohen fajllat<\/li>\n<li>Si dhe p\u00ebrdorimi i Adobe Media Encoder.<\/li>\n<\/ul>\n<p>[\/vc_column_text][\/vc_tta_section][\/vc_tta_accordion][\/vc_column][\/vc_row]<\/p>\n<\/section>","protected":false},"excerpt":{"rendered":"<p>[vc_row css=&#8221;.vc_custom_1473328990059{margin-bottom: 50px !important;}&#8221;][vc_column width=&#8221;2\/3&#8243;][stm_title title_tag=&#8221;h2&#8243; title=&#8221;Q\u00ebllimi i trajnimit &amp; P\u00ebrfitimet e nx\u00ebn\u00ebsit&#8221;][\/stm_title][vc_column_text css=&#8221;.vc_custom_1657048734295{margin-bottom: 30px !important;}&#8221;]Q\u00ebllimi kryesor i k\u00ebtij\u00eb kursi \u00ebsht\u00eb n\u00eb ofrimin e njohurive bazike p\u00ebr student\u00ebt p\u00ebr video editim (montazh). N\u00eb k\u00ebt\u00eb kurs, instruktori do t\u2019i pregatis\u00eb nx\u00ebn\u00ebsit n\u00eb p\u00ebrdorimin dhe organizimin programit Adobe Premier. M\u00ebsimi i Adobe Premiere Pro CC me nj\u00eb [&hellip;]<\/p>\n","protected":false},"author":1,"featured_media":0,"parent":0,"menu_order":0,"comment_status":"closed","ping_status":"closed","template":"","meta":{"footnotes":""},"class_list":["post-3358","page","type-page","status-publish","hentry"],"_links":{"self":[{"href":"https:\/\/infinitcenter.com\/en\/wp-json\/wp\/v2\/pages\/3358","targetHints":{"allow":["GET"]}}],"collection":[{"href":"https:\/\/infinitcenter.com\/en\/wp-json\/wp\/v2\/pages"}],"about":[{"href":"https:\/\/infinitcenter.com\/en\/wp-json\/wp\/v2\/types\/page"}],"author":[{"embeddable":true,"href":"https:\/\/infinitcenter.com\/en\/wp-json\/wp\/v2\/users\/1"}],"replies":[{"embeddable":true,"href":"https:\/\/infinitcenter.com\/en\/wp-json\/wp\/v2\/comments?post=3358"}],"version-history":[{"count":3,"href":"https:\/\/infinitcenter.com\/en\/wp-json\/wp\/v2\/pages\/3358\/revisions"}],"predecessor-version":[{"id":3362,"href":"https:\/\/infinitcenter.com\/en\/wp-json\/wp\/v2\/pages\/3358\/revisions\/3362"}],"wp:attachment":[{"href":"https:\/\/infinitcenter.com\/en\/wp-json\/wp\/v2\/media?parent=3358"}],"curies":[{"name":"wp","href":"https:\/\/api.w.org\/{rel}","templated":true}]}}

<section class="wpb-content-wrapper"><p>[vc_row css=&#8221;.vc_custom_1473328990059{margin-bottom: 50px !important;}&#8221;][vc_column width=&#8221;2/3&#8243;][stm_title title_tag=&#8221;h2&#8243; title=&#8221;Qëllimi i trajnimit &amp; Përfitimet e nxënësit&#8221;][/stm_title][vc_column_text css=&#8221;.vc_custom_1657048734295{margin-bottom: 30px !important;}&#8221;]Qëllimi kryesor i këtijë kursi është në ofrimin e njohurive bazike për studentët për video editim (montazh). Në këtë kurs, instruktori do t’i pregatisë nxënësit në përdorimin dhe organizimin programit Adobe Premier. Mësimi i Adobe Premiere Pro CC me një planprogram i bazuar në aktivitete që mëson aftësitë teknike për prodhimin, redaktimin dhe efektet e videos. Çdo aktivitet përmban një detyrë të vogël brenda, në mënyrë që nxënësit të mësojnë dhe të përmirësojnë aftësitë e tyre kur kryejnë çdo detyrë.</p>
<p>Trajnimin është i ndarë në tri nivele dhe ka për qëllim përgaditjën e nxënësve për tregun medial.</p>
<p>Qëllimi kryesor i këtijë kursi është në ofrimin e njohurive bazike për studentët për video editim (montazh). Në këtë kurs, instruktori do t’i pregatisë nxënësit në përdorimin dhe organizimin programit Adobe Premier. Mësimi i Adobe Premiere Pro CC me një planprogram i bazuar në aktivitete që mëson aftësitë teknike për prodhimin, redaktimin dhe efektet e videos. Çdo aktivitet përmban një detyrë të vogël<br />
brenda, në mënyrë që nxënësit të mësojnë dhe të përmirësojnë aftësitë e tyre kur kryejnë çdo detyrë.<br />
Trajnimin është i ndarë në tri nivele dhe ka për qëllim përgaditjën e nxënësve për tregun medial.</p>
<p><strong>Pas përfundimit të këtijë kursi,nxënësi/studenti do jetë në gjendje të:</strong></p>
<p>Futen në hapësirën e punës Adobe Premiere Pro, duke përfshirë mënyrën e importimit të fajllave, menaxhimin e medias, dhe mënyrën e punës me video, foto dhe audio në fushën e punës (Timeline).<br />
Në fund të trajnimit secili nxënes duhet të kete se paku 3 video të përfunduar me mësimet të cilat i ka marr gjatë trajnimit.</p>
<p>[/vc_column_text][stm_title title_tag=&#8221;h4&#8243; title=&#8221;Metodologjia për realizimin e temave mësimore:&#8221;][/stm_title][vc_column_text]Kursi është kombinim i ligjëratave, diskutimeve, bisedave dhe ushtrimeve praktike.[/vc_column_text][stm_title title_tag=&#8221;h4&#8243; title=&#8221;Kushtet për realizimin e temave mësimore:&#8221;][/stm_title][vc_column_text]Literatura adekuate, tabela, kompjuteri, projektori dhe mjetet tjera TI për mësim dhe ushtrime.[/vc_column_text][/vc_column][vc_column width=&#8221;1/3&#8243;][vc_single_image image=&#8221;3361&#8243; img_size=&#8221;full&#8221;][/vc_column][/vc_row][vc_row][vc_column][vc_tta_accordion active_section=&#8221;1&#8243;][vc_tta_section title=&#8221;Ligjëratat&#8221; tab_id=&#8221;1655673861840-0964b3e5-af9f&#8221;][vc_column_text]Studenti/nxënësi duhet të jetë i rregullt në ligjërata dhe ushtrime, të shfrytëzoj të gjitha mundësitë për nxënie të dijes, të përdorë literaturën e obliguar dhe më të gjerë, të jetë aktiv dhe të respektoj rregullat e “INFINIT”.[/vc_column_text][/vc_tta_section][vc_tta_section title=&#8221;Ushtrimet&#8221; tab_id=&#8221;1655673861857-91175ce0-02d0&#8243;][vc_column_text]Studenti/nxënësi duhet të jetë aktiv në ushtrime dhe të reflektoj gatishmëri dhe dije për iniciativa, ide dhe demonstrim të njohurive të marra në ligjërata.[/vc_column_text][/vc_tta_section][vc_tta_section title=&#8221;Java 1&#8243; tab_id=&#8221;1655674532152-5e8601a1-e272&#8243;][vc_column_text]</p>
<ul>
<li>Hyrje në Adobe Premier Pro</li>
<li>Fillimi i përdorimit të Adobe Premier.</li>
</ul>
<p>[/vc_column_text][/vc_tta_section][vc_tta_section title=&#8221;Java 2&#8243; tab_id=&#8221;1657048805179-25caa145-12e0&#8243;][vc_column_text]</p>
<ul>
<li>Si të krijohet ose ndryshohet një project.</li>
<li>Emerimi, formati dhe ruajtja e projektit.</li>
</ul>
<p>[/vc_column_text][/vc_tta_section][vc_tta_section title=&#8221;Java 3&#8243; tab_id=&#8221;1657048804995-c45f8b8d-e471&#8243;][vc_column_text]</p>
<ul>
<li>Si të importohen fajllat.</li>
<li>Menaxhimi i hapesires se punes, ndryshimet e paneleve ose fushave të punës.</li>
</ul>
<p>[/vc_column_text][/vc_tta_section][vc_tta_section title=&#8221;Java 4&#8243; tab_id=&#8221;1657048804795-c2739cea-0989&#8243;][vc_column_text]</p>
<ul>
<li>Si të menaxhohen fajllat në project.</li>
<li>Organizimi i fajllave, krijimi i folldereve dhe menaxhimi ose organizimi i Adobe Premier.</li>
</ul>
<p>[/vc_column_text][/vc_tta_section][vc_tta_section title=&#8221;Java 5&#8243; tab_id=&#8221;1657048804611-849f3ca0-eb07&#8243;][vc_column_text]</p>
<ul>
<li>Si të punohet me fajllat në Timeline.</li>
<li>Kombinimi i Videove, fotov dhe audio.</li>
<li>Ndryshimi i madhesis se videove</li>
<li>Menaxhimi i disa videove mbrenda nje Videoje etj.</li>
</ul>
<p>[/vc_column_text][/vc_tta_section][vc_tta_section title=&#8221;Java 6&#8243; tab_id=&#8221;1657048803761-b1a5cfc6-c729&#8243;][vc_column_text]</p>
<ul>
<li>Fillimi me editimin e videove.</li>
<li>Ka disa menyra te editimit te videove, do te mesohen se paky dy prej tyre.</li>
</ul>
<p>[/vc_column_text][/vc_tta_section][vc_tta_section title=&#8221;Java 7&#8243; tab_id=&#8221;1657049094621-e2433797-78c8&#8243;][vc_column_text]</p>
<ul>
<li>Përdorimi i veglave të editimit</li>
<li>Këtu mësohen editimet permes veglave dhe perdorimi i shkurtesave në tastier.</li>
</ul>
<p>[/vc_column_text][/vc_tta_section][vc_tta_section title=&#8221;Java 8&#8243; tab_id=&#8221;1657049094414-f6e7b75a-cb7e&#8221;][vc_column_text]</p>
<ul>
<li>Përdorimi i efekteve te videot si:</li>
<li>Perdorimi i ngjyrave, perdorimi i Blur etj.</li>
</ul>
<p>[/vc_column_text][/vc_tta_section][vc_tta_section title=&#8221;Java 9&#8243; tab_id=&#8221;1657049093957-4f2b42aa-cee0&#8243;][vc_column_text]</p>
<ul>
<li>Si të punohet më efektet e zërit.</li>
<li>Eleminimi i zhurmave, ndryshimi i zerit etj.</li>
</ul>
<p>[/vc_column_text][/vc_tta_section][vc_tta_section title=&#8221;Java 10&#8243; tab_id=&#8221;1657049092903-2c7b3c48-5e77&#8243;][vc_column_text]</p>
<ul>
<li>Menyra se si duhet te kombinohen Video me zerin-muziken,</li>
</ul>
<p>[/vc_column_text][/vc_tta_section][vc_tta_section title=&#8221;Java 11&#8243; tab_id=&#8221;1657049252345-4941a5b0-995d&#8221;][vc_column_text]</p>
<ul>
<li>Perdorimi i grafikave, shirtave per emra etj.</li>
</ul>
<p>[/vc_column_text][/vc_tta_section][vc_tta_section title=&#8221;Java 12&#8243; tab_id=&#8221;1657049251801-2963222e-3a9c&#8221;][vc_column_text]</p>
<ul>
<li>Plani për eksport</li>
<li>Si të eksportohen fajllat</li>
<li>Si dhe përdorimi i Adobe Media Encoder.</li>
</ul>
<p>[/vc_column_text][/vc_tta_section][/vc_tta_accordion][/vc_column][/vc_row]</p>
</section>

<p>[vc_row css=&#8221;.vc_custom_1473328990059{margin-bottom: 50px !important;}&#8221;][vc_column width=&#8221;2/3&#8243;][stm_title title_tag=&#8221;h2&#8243; title=&#8221;Qëllimi i trajnimit &amp; Përfitimet e nxënësit&#8221;][/stm_title][vc_column_text css=&#8221;.vc_custom_1657048734295{margin-bottom: 30px !important;}&#8221;]Qëllimi kryesor i këtijë kursi është në ofrimin e njohurive bazike për studentët për video editim (montazh). Në këtë kurs, instruktori do t’i pregatisë nxënësit në përdorimin dhe organizimin programit Adobe Premier. Mësimi i Adobe Premiere Pro CC me një [&hellip;]</p>
